{"id":13,"date":"2023-06-15T17:29:49","date_gmt":"2023-06-15T15:29:49","guid":{"rendered":"https:\/\/lecho-village-groupe.com\/?page_id=13"},"modified":"2024-06-20T19:18:18","modified_gmt":"2024-06-20T17:18:18","slug":"landing-page","status":"publish","type":"page","link":"https:\/\/lecho-village-groupe.com\/","title":{"rendered":"L&#8217;\u00c9CHO-VILLAGE GROUPE &#8211; r\u00e9unir des aventures professionnelles aux valeurs similaires sous le m\u00eame to\u00eet."},"content":{"rendered":"\n<div class=\"wp-block-columns is-layout-flex wp-container-core-columns-is-layout-9d6595d7 wp-block-columns-is-layout-flex\">\n<div class=\"wp-block-column is-layout-flow wp-block-column-is-layout-flow\">\n<p><strong>L&#8217;\u00c9cho-village Groupe<\/strong> est une soci\u00e9t\u00e9 mettant \u00e0 profit toutes les exp\u00e9riences pass\u00e9es de son potentiel humain \u00e0 travers entre autres un bureau d&#8217;\u00e9tude technique en concevant et en mettant en oeuvre des <a href=\"https:\/\/ffdaquaponie.org\/\">fermes aquaponiques<\/a> selon un mod\u00e8le \u00e9quilibr\u00e9 entre productivit\u00e9, \u00e9cologie et rentabilit\u00e9. <\/p>\n\n\n\n<p>Qu&#8217;est-ce que l&#8217;<strong>\u00c9cho-Village<\/strong> ?<\/p>\n\n\n\n<p>L\u2019\u00c9cho-village est avant tout un projet de passion, n\u00e9 d\u2019un d\u00e9sir simple : nourrir les populations avec de bons produits issus d\u2019une production locale, tout en les accompagnant vers le mieux-vivre ensemble.<\/p>\n\n\n\n<p>Gr\u00e2ce \u00e0 <strong>l\u2019aquaponie<\/strong>, un proc\u00e9d\u00e9 vertueux qui associe aquaculture et hydroponie pour reproduire le cercle naturel de l\u2019\u00e9change entre les plantes et les animaux marins, notre ferme produit ainsi des fruits, des l\u00e9gumes, du poisson et des volailles dans un circuit ferm\u00e9 fond\u00e9 sur <strong>l&#8217;\u00e9conomie circulaire, le z\u00e9ro-d\u00e9chet, la transition \u00e9nerg\u00e9tique et l&#8217;\u00e9conomie bleue<\/strong>. \u00c9colo jusqu\u2019au bout des \u00e9cailles !<\/p>\n<\/div>\n\n\n\n<div class=\"wp-block-column is-layout-flow wp-block-column-is-layout-flow\">\n<figure class=\"wp-block-image size-full\"><img loading=\"lazy\" decoding=\"async\" width=\"587\" height=\"440\" src=\"https:\/\/lecho-village-groupe.com\/wp-content\/uploads\/2023\/06\/Serre-vue-air-edited.jpg\" alt=\"\" class=\"wp-image-64\" srcset=\"https:\/\/lecho-village-groupe.com\/wp-content\/uploads\/2023\/06\/Serre-vue-air-edited.jpg 587w, https:\/\/lecho-village-groupe.com\/wp-content\/uploads\/2023\/06\/Serre-vue-air-edited-300x225.jpg 300w\" sizes=\"auto, (max-width: 587px) 100vw, 587px\" \/><\/figure>\n<\/div>\n<\/div>\n\n\n\n<p>En portant le d\u00e9veloppement durable avec p\u00e9dagogie et en encourageant une alimentation saine, locale et de saison, l\u2019\u00c9cho-village a \u00e9galement pour vocation d\u2019\u00eatre un levier de sensibilisation aupr\u00e8s des citoyens, des associations et des \u00e9coles.<\/p>\n\n\n\n<p>Un \u00c9cho-village tuto\u00eee \u00e0 la fois l&#8217;esprit de l&#8217;<a href=\"https:\/\/www.theblueeconomy.org\/the-blue-economy\/\">\u00e9conomie bleue de G\u00fcnter Pauli<\/a>, de la vision du regrett\u00e9 <a href=\"https:\/\/www.pierrerabhi.org\/\">Pierre Rabhi<\/a>, de celle de <a href=\"https:\/\/www.youtube.com\/watch?v=lfv-AVjchk4\">Rob Hopkins<\/a> et sa ville en transition et de la r\u00e9silience alimentaire soulign\u00e9e par <a href=\"https:\/\/sosmaires.org\/\">SOS Maires<\/a> et l&#8217;\u00e9quipe d&#8217;Alexandre Boisson. <\/p>\n\n\n\n<p>Un \u00c9cho-village est un lieu de rencontres et d&#8217;\u00e9changes intenses et convivial centr\u00e9 sur un mod\u00e8le vertueux d&#8217;agriculture \u00e9prouv\u00e9.<\/p>\n\n\n\n<p>Nos installations nous permettent de produire une alimentation d\u2019exception, sans engrais ni pesticides, tout en pr\u00eatant une attention particuli\u00e8re aux cycles naturels et au bien-\u00eatre des \u00eatres vivants.<\/p>\n\n\n\n<p>L\u2019impact de la production aquaponique sur l\u2019environnement est incomparable \u00e0 l\u2019agriculture et l\u2019\u00e9levage conventionnels : saviez-vous par exemple que la production de l\u2019\u00c9cho-village <strong>consomme en moyenne 90% d\u2019eau en moins<\/strong> qu\u2019une ferme en pleine terre ?<\/p>\n\n\n\n<p><strong>Nous produisons en circuit ferm\u00e9<\/strong><\/p>\n\n\n\n<p>\u00c0 l\u2019\u00c9cho-village, rien ne se perd, tout se r\u00e9emploie !<\/p>\n\n\n\n<p>Gr\u00e2ce \u00e0 un mode de permaculture innovant qui associe agriculture, pisciculture et \u00e9levage dans un cercle vertueux, durable et 100% biologique, nos plantes et nos poissons vivent en harmonie, purifiant et enrichissant leur environnement tout en se nourrissant l\u2019un l\u2019autre.<\/p>\n\n\n\n<p>Selon leur \u00e9tat, nos invendus en fruits, l\u00e9gumes et poissons frais sont reconditionn\u00e9s, offerts \u00e0 des associations locales, ou r\u00e9employ\u00e9s dans l\u2019alimentation de nos animaux d\u2019\u00e9levage, dans le respect de leurs exigences alimentaires. Les d\u00e9chets organiques ne pouvant \u00eatre reconvertis sont transform\u00e9s en engrais, ou r\u00e9employ\u00e9s pour produire d\u2019autres mati\u00e8res (comme le cuir de peau de truite).&nbsp;<\/p>\n\n\n\n<p>Enfin, nous r\u00e9employons l\u2019\u00e9nergie par g\u00e9othermie afin de recycler l\u2019\u00e9nergie de l\u2019air et de l\u2019eau, et ainsi r\u00e9duire au maximum notre consommation en ressources naturelles.<\/p>\n\n\n\n<div class=\"wp-block-columns is-layout-flex wp-container-core-columns-is-layout-9d6595d7 wp-block-columns-is-layout-flex\">\n<div class=\"wp-block-column is-layout-flow wp-block-column-is-layout-flow\">\n<figure class=\"wp-block-image size-full is-resized\"><img loading=\"lazy\" decoding=\"async\" width=\"448\" height=\"336\" src=\"https:\/\/lecho-village-groupe.com\/wp-content\/uploads\/2023\/06\/Serre-legumes-edited-1.jpg\" alt=\"\" class=\"wp-image-65\" style=\"width:401px;height:undefinedpx\" srcset=\"https:\/\/lecho-village-groupe.com\/wp-content\/uploads\/2023\/06\/Serre-legumes-edited-1.jpg 448w, https:\/\/lecho-village-groupe.com\/wp-content\/uploads\/2023\/06\/Serre-legumes-edited-1-300x225.jpg 300w\" sizes=\"auto, (max-width: 448px) 100vw, 448px\" \/><\/figure>\n<\/div>\n\n\n\n<div class=\"wp-block-column is-layout-flow wp-block-column-is-layout-flow\">\n<h2 class=\"wp-block-heading\">NOS M\u00c9TIERS<\/h2>\n\n\n\n<h3 class=\"wp-block-heading\">Concevoir votre outil de production pour une alimentation naturelle de qualit\u00e9<\/h3>\n\n\n\n<h3 class=\"wp-block-heading\">\u00c9valuer, \u00e9tudier, plannifier, suivre et multiplier les succ\u00e8s<\/h3>\n\n\n\n<p>L&#8217;aquaponie associe par le circuit d&#8217;eau, une pisciculture avec une hydroculture ou culture hors sol. Les effluents piscicoles sont une richesse extraordinaire qui, retrait\u00e9s dans le circuit, permettent de fertiliser et produire des l\u00e9gumes d&#8217;une qualit\u00e9 physiologique et gutative \u00e9vidente. Le syst\u00e8me consomme moins d&#8217;eau et produit plus vite qu&#8217;en agriculture sur sol. Ce succ\u00e8s tient au fait que le syst\u00e8me reproduit et optimise les meilleures conditions naturelles qui induisent la croissance des poissons, des micro-organismes et des plantes.  Nous r\u00e9unissons les comp\u00e9tences en agronomie, pisciculture, \u00e9tude de march\u00e9, hydraulique, b\u00e2timent bioclimatique, labos de transformation, industrialisation et management, afin de ficeler votre projet aquaponique de fa\u00e7on durable, pour une agriculture du futur!<\/p>\n<\/div>\n<\/div>\n\n\n\n<h3 class=\"wp-block-heading\">Que faisons-nous pour vous ?<\/h3>\n\n\n\n<ul class=\"wp-block-list\">\n<li><strong>Accompagnement \u00e0 la recherche de fonciers<\/strong><\/li>\n\n\n\n<li><strong>Accompagnement aux d\u00e9marches administratives et au recrutement de la future \u00e9quipe exploitante<\/strong><\/li>\n\n\n\n<li><strong>Accompagnement \u00e0 la lev\u00e9e de fonds<\/strong><\/li>\n\n\n\n<li><strong>Ma\u00eetrise d&#8217;oeuvre de conception et d&#8217;ex\u00e9cution<\/strong><\/li>\n\n\n\n<li><strong>Accompagnement \u00e0 la commercialisation de la production et du r\u00e9seau de fermes \u00e0 l&#8217;\u00e9chelle europ\u00e9enne<\/strong><\/li>\n<\/ul>\n\n\n\n<div style=\"height:56px\" aria-hidden=\"true\" class=\"wp-block-spacer\"><\/div>\n\n\n\n<div class=\"wp-block-columns is-layout-flex wp-container-core-columns-is-layout-9d6595d7 wp-block-columns-is-layout-flex\">\n<div class=\"wp-block-column is-layout-flow wp-block-column-is-layout-flow\">\n<h2 class=\"wp-block-heading\">NOS PRODUITS ET CLIENTS<\/h2>\n\n\n\n<h3 class=\"wp-block-heading\">Accompagnement \u00e0 la carte, des plans jusqu&#8217;\u00e0 l&#8217;exploitation rentable<\/h3>\n\n\n\n<p>Nous vous proposons un projet cl\u00e9 en main : une aquaponie de type semi industrialis\u00e9e de 2 000 m\u00b2 \u00e0 10 000 m\u00b2, selon le mod\u00e8le \u00e9prouv\u00e9 de l&#8217;\u00c9cho-village avec une aquaponie en eau douce et en eau de mer \u00e0 la hauteur de vos ambitions sur votre terrain \u00e0 valoriser ou dans des lieux insolites comme en toiture d&#8217;un b\u00e2timent commercial ou industriel, en plein centre ville ou en zone p\u00e9riurbaine, sur une friche industrielle ou en zone agricole, qu&#8217;importe le climat. <\/p>\n\n\n\n<p class=\"has-medium-font-size\"><\/p>\n<\/div>\n\n\n\n<div class=\"wp-block-column is-layout-flow wp-block-column-is-layout-flow\">\n<figure class=\"wp-block-image size-full\"><img loading=\"lazy\" decoding=\"async\" width=\"580\" height=\"435\" src=\"https:\/\/lecho-village-groupe.com\/wp-content\/uploads\/2023\/06\/Serre-legumes-1-edited.jpg\" alt=\"\" class=\"wp-image-66\" srcset=\"https:\/\/lecho-village-groupe.com\/wp-content\/uploads\/2023\/06\/Serre-legumes-1-edited.jpg 580w, https:\/\/lecho-village-groupe.com\/wp-content\/uploads\/2023\/06\/Serre-legumes-1-edited-300x225.jpg 300w\" sizes=\"auto, (max-width: 580px) 100vw, 580px\" \/><\/figure>\n\n\n\n<p><\/p>\n<\/div>\n<\/div>\n\n\n\n<p><strong>Nos clients sont : des promoteurs immobiliers, des am\u00e9nageurs, des bailleurs sociaux, des acteurs de la moyenne et de la grande distribution, des logisticiens, des investisseurs, des agriculteurs et pisciculteurs <\/strong>souhaitant exploiter intelligemment les cycles de la nature, voulant offrir une bouff\u00e9e de vie \u00e0 la communaut\u00e9, ou se projettant dans le futur tout en rebondissant \u00e9conomiquement. <\/p>\n\n\n\n<p>Les clients finaux sont en circuit court : les habitants proches, les restaurants gastronomiques, la restauration collective au profit du monde scolaire, et de celui de l&#8217;entreprise et des maisons de sant\u00e9, les magasins de producteurs, la moyenne et grande distribution de la r\u00e9gion. <\/p>\n\n\n\n<p>Produits frais de haute qualit\u00e9 nutritive et environnementale !<\/p>\n\n\n\n<hr class=\"wp-block-separator has-alpha-channel-opacity\"\/>\n\n\n\n<div class=\"wp-block-columns is-layout-flex wp-container-core-columns-is-layout-9d6595d7 wp-block-columns-is-layout-flex\">\n<div class=\"wp-block-column is-layout-flow wp-block-column-is-layout-flow\">\n<h2 class=\"wp-block-heading\"> <img loading=\"lazy\" decoding=\"async\" width=\"150\" height=\"150\" class=\"wp-image-124\" style=\"width: 150px;\" src=\"http:\/\/lecho-village-groupe.com\/wp-content\/uploads\/2024\/01\/Guillaume-Dekoninck-2017.jpg\" alt=\"\" srcset=\"https:\/\/lecho-village-groupe.com\/wp-content\/uploads\/2024\/01\/Guillaume-Dekoninck-2017.jpg 783w, https:\/\/lecho-village-groupe.com\/wp-content\/uploads\/2024\/01\/Guillaume-Dekoninck-2017-300x300.jpg 300w, https:\/\/lecho-village-groupe.com\/wp-content\/uploads\/2024\/01\/Guillaume-Dekoninck-2017-150x150.jpg 150w, https:\/\/lecho-village-groupe.com\/wp-content\/uploads\/2024\/01\/Guillaume-Dekoninck-2017-768x768.jpg 768w\" sizes=\"auto, (max-width: 150px) 100vw, 150px\" \/><\/h2>\n<\/div>\n\n\n\n<div class=\"wp-block-column is-layout-flow wp-block-column-is-layout-flow\">\n<h2 class=\"wp-block-heading\">Le mot de Guillaume<\/h2>\n\n\n\n<h3 class=\"wp-block-heading\">Le fondateur de l\u2019\u00c9cho-village et de l&#8217;\u00c9cho-village Groupe<\/h3>\n<\/div>\n<\/div>\n\n\n\n<blockquote class=\"wp-block-quote is-layout-flow wp-block-quote-is-layout-flow\">\n<p><em>Depuis mon enfance, je suis passionn\u00e9 par la nature, la faune et la flore. Cette vari\u00e9t\u00e9 infinie d\u2019esp\u00e8ces, de couleurs, de parfums, d\u2019\u00eatres vivants&#8230; sont autant de tr\u00e9sors que nous devons pr\u00e9server, surtout alors que la biodiversit\u00e9 n\u2019a jamais \u00e9t\u00e9 aussi menac\u00e9e.<\/em><br><em>En parall\u00e8le, mon engagement fort dans le d\u00e9veloppement et la protection du territoire et de nos concitoyens m\u2019a confront\u00e9 \u00e0 une autre r\u00e9alit\u00e9, tout aussi urgente : l\u2019autonomie alimentaire des territoires, l\u2019animation du lien social, et la cr\u00e9ation d\u2019emplois non-d\u00e9localisables.&nbsp;<\/em><br><em>C\u2019est en m\u2019int\u00e9ressant \u00e0 l\u2019agriculture urbaine, et notamment \u00e0 l\u2019agro-\u00e9cologie, que j\u2019ai d\u00e9couvert que la culture aquaponique pouvait r\u00e9pondre \u00e0 ces deux enjeux. Durable, utile, innovante et proche de la nature\u2026 la possibilit\u00e9 de pouvoir concr\u00e9tiser un tel projet m\u2019a imm\u00e9diatement passionn\u00e9 !<\/em><br><em>Nourrir la population avec des produits d\u2019excellence, des saveurs authentiques, organiques, cultiv\u00e9es dans le respect du vivant. Promouvoir une mani\u00e8re diff\u00e9rente de produire et consommer. Favoriser la transition vers un mod\u00e8le plus durable, porteur de croissance et de mieux-vivre pour les territoires et leurs habitants : ce sont nos valeurs, et elles animent le travail de notre \u00e9quipe, r\u00e9colte apr\u00e8s r\u00e9colte.<\/em><br><em>Avec une surface de culture de plus de 3600 m\u00b2, je suis fier de pouvoir dire qu&#8217;en 2020 nous \u00e9tions la premi\u00e8re ferme p\u00e9ri-urbaine aquaponique des Hauts-de-France, et la plus diversifi\u00e9e en production l\u00e9gumi\u00e8res d&#8217;Europe, avec plus de 315 vari\u00e9t\u00e9s de plantes aromatiques, de l\u00e9gumes feuilles, de fleurs comestibles, de mini l\u00e9gumes racines et de l\u00e9gumes fruits&#8230;<\/em><br><em>Alors, bienvenue \u00e0 l\u2019\u00c9cho-village !<\/em><\/p>\n<\/blockquote>\n\n\n\n<p><a href=\"https:\/\/www.linkedin.com\/in\/guillaumedekoninck\/\" target=\"_blank\" rel=\"noreferrer noopener\">Guillaume Dekoninck,<\/a><br>Utopiste positif &amp; Fondateur de l&#8217;\u00c9cho-village<\/p>\n\n\n\n<h3 class=\"wp-block-heading\"><strong>Qui est-il ?<\/strong><\/h3>\n\n\n\n<p>Suite \u00e0 des \u00e9tudes en alternance dans la vente, la comptabilit\u00e9 et les RH au Conseil R\u00e9gional Nord Pas-de-Calais ou aupr\u00e8s de grands groupes du CAC 40. <\/p>\n\n\n\n<p>Guillaume s\u2019est engag\u00e9 dans la vie publique et la politique du territoire m\u00e9tropolitain lillois.<\/p>\n\n\n\n<p>Il est devenu conseiller municipal en 2014 sur la commune de Wavrin, et candidat \u00e0 la d\u00e9putation en 2017 sur la 5\u00e8me circonscription administrative du Nord.<\/p>\n\n\n\n<p>Il a d\u00e9sir\u00e9 ensuite poursuivre ses engagements en cr\u00e9ant des projets d&#8217;agriculture de transition, respectueux de l&#8217;environnement, de l&#8217;\u00c9conomie de l&#8217;eau et de l&#8217;\u00e9nergie, de la souverainet\u00e9 alimentaire des territoires, de la cr\u00e9ation d&#8217;emploi non d\u00e9localisable, du non usage de produits phytopharmaceutiques, de l&#8217;animation du lien social interg\u00e9n\u00e9rationnel et de la transmission du savoir \u00e0 travers une alimentation saine et de qualit\u00e9 produite en permaculture \u00e0 l&#8217;aide de la protection int\u00e9grale.<\/p>\n\n\n\n<p>Il prend part active aupr\u00e8s de diff\u00e9rentes structures en R\u00e9gion des Hauts-de-France, que ce soit au <a href=\"https:\/\/clubgagnants.com\/\">Club Gagnants<\/a>, au <a href=\"https:\/\/www.reseau-alliances.org\/\">R\u00e9seau Alliances<\/a>, au <a href=\"https:\/\/monengagement.fr\/le-comite-grand-lille\/\">Comit\u00e9 Grand Lille<\/a>, au <a href=\"https:\/\/www.medef-lille-metropole.fr\/\">Medef Lille M\u00e9tropole<\/a> et son <a href=\"https:\/\/www.clubster-ecole-entreprise.com\/\">Clubster \u00c9cole \/ Entreprise <\/a>et \u00e0 la <a href=\"https:\/\/hautsdefrance.cci.fr\/\">CCI Grand-Lille et Hauts-de-France<\/a> et sa <a href=\"https:\/\/rev3.hautsdefrance.fr\/\">commission Rev 3<\/a><\/p>\n\n\n\n<hr class=\"wp-block-separator has-alpha-channel-opacity\"\/>\n\n\n\n<p class=\"has-text-align-center\">Il y a tant \u00e0 dire sur le sujet de l&#8217;aquaponie et toutes ses dimensions,<br>Discutons ensemble de votre vision d&#8217;un \u00c9cho-village !<\/p>\n\n\n\n<p class=\"has-text-align-center\">Prenez <a href=\"mailto:demande@lecho-village-groupe.com\" data-type=\"mailto\" data-id=\"mailto:demande@lecho-village-groupe.com\">contact d\u00e8s maintenant<\/a> !<\/p>\n\n\n\n<div class=\"wp-block-buttons is-content-justification-center is-layout-flex wp-container-core-buttons-is-layout-16018d1d wp-block-buttons-is-layout-flex\">\n<div class=\"wp-block-button is-style-fill\"><a class=\"wp-block-button__link wp-element-button\" href=\"mailto:demande@lecho-village-groupe.com\">Contact&#8230;<\/a><\/div>\n<\/div>\n\n\n\n<div style=\"height:56px\" aria-hidden=\"true\" class=\"wp-block-spacer\"><\/div>\n\n\n\n<p class=\"has-text-align-center\"><a href=\"mailto:guillaume.dekoninck@lecho-village-groupe.com\">Guillaume Dekoninck<\/a> &#8211; CEO<br>+33 787 440 486<\/p>\n\n\n\n<p class=\"has-text-align-center\"><\/p>\n\n\n\n<figure class=\"wp-block-embed is-type-video is-provider-youtube wp-block-embed-youtube wp-embed-aspect-16-9 wp-has-aspect-ratio\"><div class=\"wp-block-embed__wrapper\">\n<iframe loading=\"lazy\" title=\"L&#039;\u00c9cho village - Film de pr\u00e9sentation\" width=\"1140\" height=\"641\" src=\"https:\/\/www.youtube.com\/embed\/7XpgEwFgOsw?feature=oembed\" frameborder=\"0\" allow=\"accelerometer; autoplay; clipboard-write; encrypted-media; gyroscope; picture-in-picture; web-share\" allowfullscreen><\/iframe>\n<\/div><\/figure>\n\n\n\n<div class=\"rl-gallery-container rl-loading\" id=\"rl-gallery-container-1\" data-gallery_id=\"81\"> <div class=\"rl-gallery rl-basicgrid-gallery \" id=\"rl-gallery-1\" data-gallery_no=\"1\"> <div class=\"rl-gallery-item\"><a href=\"https:\/\/lecho-village-groupe.com\/wp-content\/uploads\/2023\/06\/Serre-Fleurs-2.jpg\" title=\"\" data-rl_title=\"\" class=\"rl-gallery-link\" data-rl_caption=\"\" data-rel=\"lightbox-gallery-1\"><img loading=\"lazy\" decoding=\"async\" src=\"https:\/\/lecho-village-groupe.com\/wp-content\/uploads\/2023\/06\/Serre-Fleurs-2-254x300.jpg\" width=\"254\" height=\"300\" alt=\"\" \/><\/a><\/div><div class=\"rl-gallery-item\"><a href=\"https:\/\/lecho-village-groupe.com\/wp-content\/uploads\/2023\/06\/Serre-Marche.jpg\" title=\"\" data-rl_title=\"\" class=\"rl-gallery-link\" data-rl_caption=\"\" data-rel=\"lightbox-gallery-1\"><img loading=\"lazy\" decoding=\"async\" src=\"https:\/\/lecho-village-groupe.com\/wp-content\/uploads\/2023\/06\/Serre-Marche-274x300.jpg\" width=\"274\" height=\"300\" alt=\"\" \/><\/a><\/div><div class=\"rl-gallery-item\"><a href=\"https:\/\/lecho-village-groupe.com\/wp-content\/uploads\/2023\/06\/Partenaires.jpg\" title=\"\" data-rl_title=\"\" class=\"rl-gallery-link\" data-rl_caption=\"\" data-rel=\"lightbox-gallery-1\"><img loading=\"lazy\" decoding=\"async\" src=\"https:\/\/lecho-village-groupe.com\/wp-content\/uploads\/2023\/06\/Partenaires-300x216.jpg\" width=\"300\" height=\"216\" alt=\"\" \/><\/a><\/div><div class=\"rl-gallery-item\"><a href=\"https:\/\/lecho-village-groupe.com\/wp-content\/uploads\/2023\/06\/Serre-gens.jpg\" title=\"\" data-rl_title=\"\" class=\"rl-gallery-link\" data-rl_caption=\"\" data-rel=\"lightbox-gallery-1\"><img loading=\"lazy\" decoding=\"async\" src=\"https:\/\/lecho-village-groupe.com\/wp-content\/uploads\/2023\/06\/Serre-gens-202x300.jpg\" width=\"202\" height=\"300\" alt=\"\" \/><\/a><\/div><div class=\"rl-gallery-item\"><a href=\"https:\/\/lecho-village-groupe.com\/wp-content\/uploads\/2023\/06\/Serre-semis.jpg\" title=\"\" data-rl_title=\"\" class=\"rl-gallery-link\" data-rl_caption=\"\" data-rel=\"lightbox-gallery-1\"><img loading=\"lazy\" decoding=\"async\" src=\"https:\/\/lecho-village-groupe.com\/wp-content\/uploads\/2023\/06\/Serre-semis-300x168.jpg\" width=\"300\" height=\"168\" alt=\"\" \/><\/a><\/div><div class=\"rl-gallery-item\"><a href=\"https:\/\/lecho-village-groupe.com\/wp-content\/uploads\/2023\/06\/Poissons.jpg\" title=\"\" data-rl_title=\"\" class=\"rl-gallery-link\" data-rl_caption=\"\" data-rel=\"lightbox-gallery-1\"><img loading=\"lazy\" decoding=\"async\" src=\"https:\/\/lecho-village-groupe.com\/wp-content\/uploads\/2023\/06\/Poissons-250x300.jpg\" width=\"250\" height=\"300\" alt=\"\" \/><\/a><\/div><div class=\"rl-gallery-item\"><a href=\"https:\/\/lecho-village-groupe.com\/wp-content\/uploads\/2023\/06\/Serre-Fleurs-1.jpg\" title=\"\" data-rl_title=\"\" class=\"rl-gallery-link\" data-rl_caption=\"\" data-rel=\"lightbox-gallery-1\"><img loading=\"lazy\" decoding=\"async\" src=\"https:\/\/lecho-village-groupe.com\/wp-content\/uploads\/2023\/06\/Serre-Fleurs-1-300x226.jpg\" width=\"300\" height=\"226\" alt=\"\" \/><\/a><\/div><div class=\"rl-gallery-item\"><a href=\"https:\/\/lecho-village-groupe.com\/wp-content\/uploads\/2023\/06\/Serre-Fleurs.jpg\" title=\"\" data-rl_title=\"\" class=\"rl-gallery-link\" data-rl_caption=\"\" data-rel=\"lightbox-gallery-1\"><img loading=\"lazy\" decoding=\"async\" src=\"https:\/\/lecho-village-groupe.com\/wp-content\/uploads\/2023\/06\/Serre-Fleurs-300x297.jpg\" width=\"300\" height=\"297\" alt=\"\" \/><\/a><\/div> <\/div> <\/div>\n\n\n\n<div style=\"height:49px\" aria-hidden=\"true\" class=\"wp-block-spacer\"><\/div>\n\n\n\n<hr class=\"wp-block-separator has-alpha-channel-opacity\"\/>\n\n\n\n<h3 class=\"wp-block-heading has-text-align-center\">Notre plaquette de pr\u00e9sentation<\/h3>\n\n\n\n<div data-wp-interactive=\"core\/file\" class=\"wp-block-file aligncenter\"><object data-wp-bind--hidden=\"!state.hasPdfPreview\" hidden class=\"wp-block-file__embed\" data=\"http:\/\/lecho-village-groupe.com\/wp-content\/uploads\/2023\/10\/Plaquette-presentation-low-1.0.pdf\" type=\"application\/pdf\" style=\"width:100%;height:600px\" aria-label=\"Embed of Plaquette-presentation-low-1.0.\"><\/object><a id=\"wp-block-file--media-bd858b05-8926-4c54-b316-41c4a3543861\" href=\"http:\/\/lecho-village-groupe.com\/wp-content\/uploads\/2023\/10\/Plaquette-presentation-low-1.0.pdf\">Plaquette-presentation-low-1.0<\/a><a href=\"http:\/\/lecho-village-groupe.com\/wp-content\/uploads\/2023\/10\/Plaquette-presentation-low-1.0.pdf\" class=\"wp-block-file__button wp-element-button\" download aria-describedby=\"wp-block-file--media-bd858b05-8926-4c54-b316-41c4a3543861\">T\u00e9l\u00e9charger<\/a><\/div>\n","protected":false},"excerpt":{"rendered":"<p>L&#8217;\u00c9cho-village Groupe est une soci\u00e9t\u00e9 mettant \u00e0 profit toutes les exp\u00e9riences pass\u00e9es de son potentiel humain \u00e0 travers entre autres &hellip; <a href=\"https:\/\/lecho-village-groupe.com\/\" class=\"more-link\">Continue reading <span class=\"screen-reader-text\">L&#8217;\u00c9CHO-VILLAGE GROUPE &#8211; r\u00e9unir des aventures professionnelles aux valeurs similaires sous le m\u00eame to\u00eet.<\/span><\/a><\/p>\n","protected":false},"author":1,"featured_media":0,"parent":0,"menu_order":0,"comment_status":"closed","ping_status":"closed","template":"","meta":{"footnotes":""},"class_list":["post-13","page","type-page","status-publish","hentry"],"_links":{"self":[{"href":"https:\/\/lecho-village-groupe.com\/index.php?rest_route=\/wp\/v2\/pages\/13","targetHints":{"allow":["GET"]}}],"collection":[{"href":"https:\/\/lecho-village-groupe.com\/index.php?rest_route=\/wp\/v2\/pages"}],"about":[{"href":"https:\/\/lecho-village-groupe.com\/index.php?rest_route=\/wp\/v2\/types\/page"}],"author":[{"embeddable":true,"href":"https:\/\/lecho-village-groupe.com\/index.php?rest_route=\/wp\/v2\/users\/1"}],"replies":[{"embeddable":true,"href":"https:\/\/lecho-village-groupe.com\/index.php?rest_route=%2Fwp%2Fv2%2Fcomments&post=13"}],"version-history":[{"count":43,"href":"https:\/\/lecho-village-groupe.com\/index.php?rest_route=\/wp\/v2\/pages\/13\/revisions"}],"predecessor-version":[{"id":138,"href":"https:\/\/lecho-village-groupe.com\/index.php?rest_route=\/wp\/v2\/pages\/13\/revisions\/138"}],"wp:attachment":[{"href":"https:\/\/lecho-village-groupe.com\/index.php?rest_route=%2Fwp%2Fv2%2Fmedia&parent=13"}],"curies":[{"name":"wp","href":"https:\/\/api.w.org\/{rel}","templated":true}]}}